245. Determine i(-51).
-163
Let j(a) = -290*a - 5939. What is j(-19)?
-429
Let j(n) = 6*n**3 - 1914*n**2 - 18*n + 6946. What is j(319)?
1204
Let l(p) = -5*p**2 - 730270*p + 730270. Give l(1).
-5
Let d(m) = 8041*m - 305556. Give d(38).
2
Let f(h) = 11*h**2 - 911*h - 1836. What is f(-2)?
30
Let a(x) = -x**2 - 1782*x + 103022. Give a(56).
94
Let a(p) = -7*p**2 + 308*p + 2119. Calculate a(50).
19
Let l(q) = -61*q**2 - 1994*q - 20. Calculate l(-33).
-647
Let m(v) = -16*v**3 + 15549*v**2 + 15543*v - 7. Give m(-1).
15
Let o(d) = 45*d**2 + 1038*d + 765. What is o(-22)?
-291
Let q(c) = 5*c**2 - 172*c + 1562. What is q(12)?
218
Let d(x) = 3511*x - 14601. Determine d(4).
-557
Let n(i) = 15*i**3 + 5354*i**2 - 360*i - 1083. Give n(-357).
-12
Let k(j) = -2443*j**2 + 584*j - 580. Determine k(1).
-2439
Let k(j) = -7*j**2 - 909*j - 668. What is k(-129)?
106
Let o(h) = -2*h**3 + 53*h**2 + 151*h - 2151. Calculate o(28).
-275
Let n(r) = 200341*r - 1803054. What is n(9)?
15
Let g(l) = -l**3 + 248*l**2 - 984*l + 1941. Determine g(244).
-11
Let b(f) = 2099*f + 182583. What is b(-87)?
-30
Let y(j) = 101257*j - 911427. Give y(9).
-114
Let p(r) = r**3 - 161*r**2 - 8523*r - 614. Calculate p(203).
-5
Let g(u) = 3*u**3 - 425*u**2 - 215*u + 10430. What is g(142)?
64
Let y(l) = l**3 + 83*l**2 - 2245*l + 63. Calculate y(22).
1493
Let l(y) = -270*y - 27111. Calculate l(-99).
-381
Let d(z) = z**2 + 2476*z - 19799. Give d(8).
73
Let v(u) = 22711*u - 522359. Give v(23).
-6
Let o(r) = -312*r - 285. What is o(-1)?
27
Let b(f) = -f**3 + 3*f**2 - 43*f + 231. Determine b(7).
-266
Let d(o) = -6*o**3 + 1904*o**2 - 1071*o + 138537. What is d(317)?
8
Let l(o) = 627*o + 95690. Calculate l(-155).
-1495
Let f(x) = 77738*x - 1865703. Calculate f(24).
9
Let s(g) = g**3 + 84*g**2 + 1378*g + 91914. Determine s(-81).
-21
Let m(l) = -l**3 + 624*l**2 - 6189*l + 305. What is m(10)?
-185
Let u(q) = 2*q**2 - 5457*q + 70590. Determine u(13).
-13
Let c(l) = l**2 + 189316*l + 13625572. Give c(-72).
4
Let x(g) = -50*g**2 - 2375*g - 1021. Give x(-47).
154
Let p(t) = -t**3 - 29*t**2 + 61*t - 2379. What is p(-33)?
-36
Let w(z) = z**2 - 18*z - 1132. Determine w(41).
-189
Let b(w) = 421*w**3 + 5054*w**2 + 51*w + 328. Determine b(-12).
4
Let v(q) = 1326*q + 816828. What is v(-616)?
12
Let z(h) = -h**2 - 745*h - 5885. What is z(-8)?
11
Let l(a) = -11*a**2 + 1965*a - 86983. What is l(81)?
11
Let m(d) = -7*d**3 + 545*d**2 + 171*d - 7272. Calculate m(78).
-18
Let y(c) = 16*c**3 - 138*c**2 - 93*c + 358. Calculate y(9).
7
Let m(i) = 2721*i + 53065. Calculate m(-19).
1366
Let c(w) = w**3 + 196*w**2 - 133*w + 12533. Give c(-197).
-75
Let b(q) = 312*q + 66409. Determine b(-213).
-47
Let c(j) = 2*j**2 + 38*j + 163. What is c(-12)?
-5
Let z(n) = n**3 - 863*n**2 + 24110*n + 2190. Calculate z(29).
-14
Let a(b) = 9*b**2 + 112*b + 162. Determine a(-8).
-158
Let p(q) = 2*q**3 - 42*q**2 - 313*q - 248. Calculate p(27).
49
Let w(z) = 4*z**3 - 536*z**2 + 535*z - 428. Give w(133).
-29
Let c(o) = 171*o + 219178. Give c(-1282).
-44
Let j(k) = -17*k - 3067. Calculate j(-172).
-143
Let u(p) = p**3 - 27*p**2 + 120*p + 776. What is u(18)?
20
Let u(o) = 16*o**3 + 2*o**2 - 26*o - 8. What is u(3)?
364
Let d(w) = 88225*w - 176398. Determine d(2).
52
Let b(z) = -980*z**3 - 8*z**2 - 2*z + 9. Calculate b(1).
-981
Let v(x) = 57*x**3 - 3*x**2 + 2*x + 10. Determine v(-2).
-462
Let x(z) = -105*z**2 + 523*z - 383. Determine x(5).
-393
Let l(b) = 12874*b + 2510424. Determine l(-195).
-6
Let s(r) = -1978*r - 138571. Give s(-70).
-111
Let h(a) = -130*a**2 + 529*a - 1498. Determine h(3).
-1081
Let l(c) = -218*c - 287. Calculate l(1).
-505
Let u(c) = -10*c**2 + 2418*c + 9817. Calculate u(-4).
-15
Let g(q) = 2820110*q + 31021201. Give g(-11).
-9
Let s(o) = 17439*o + 4045852. Give s(-232).
4
Let k(l) = -56905*l + 1877863. Determine k(33).
-2
Let n(v) = 1757*v - 36646. Calculate n(21).
251
Let q(p) = 2*p**3 + 63*p**2 - 88*p + 95. Give q(-33).
-268
Let r(i) = i**2 + 808*i - 19722. Calculate r(24).
246
Let m(f) = 1961*f + 37288. Give m(-19).
29
Let k(u) = 7*u**2 - 87*u - 22721. What is k(63)?
-419
Let l(g) = 1261*g - 81754. Give l(65).
211
Let u(h) = -3*h**2 + 236*h - 3155. Calculate u(62).
-55
Let n(d) = -6*d**2 - 192*d - 1444. Give n(-21).
-58
Let f(x) = x**3 + 173*x**2 + 5050*x + 656. Give f(-37).
-10
Let j(n) = n**2 - 1090*n - 30151. Calculate j(-27).
8
Let a(t) = -5833*t - 892429. What is a(-153)?
20
Let y(j) = -2*j**2 + 285*j - 9526. Calculate y(89).
-3
Let r(f) = -3*f**3 - 8*f**2 - 45*f + 294. Determine r(6).
-912
Let m(w) = 7350*w + 3711750. Calculate m(-505).
0
Let v(p) = -p**2 + 63836*p + 510747. Give v(-8).
-5
Let a(j) = j**3 + 238*j**2 + 1387*j - 1353. Calculate a(-232).
-193
Let p(b) = -632*b**2 - 25846*b - 90. Give p(-41).
-2796
Let i(a) = 1866*a + 12610. What is i(-8)?
-2318
Let g(m) = -m**3 + 72*m**2 - 728*m + 46614. Calculate g(71).
-33
Let a(l) = -l**2 - 3*l + 323. Give a(34).
-935
Let p(w) = 2*w**2 + 14058*w + 56219. Give p(-4).
19
Let c(q) = -q**3 + 64*q**2 + 345*q - 86. What is c(69)?
-86
Let m(s) = 16*s**2 - 490*s + 3639. Determine m(18).
3
Let w(r) = r**2 - 147*r + 1331. Determine w(10).
-39
Let v(y) = -8727*y + 366542. What is v(42)?
8
Let b(i) = -i**3 - 9*i**2 + 52*i + 6. What is b(0)?
6
Let t(k) = -3*k**2 + 14989*k + 1218331. Determine t(-80).
11
Let f(r) = r**3 + 126*r**2 + 66*r + 8051. Calculate f(-126).
-265
Let g(b) = -689*b + 20855. What is g(32)?
-1193
Let f(s) = -2*s**3 - 7*s**2 - 41*s - 498. What is f(-6)?
-72
Let m(x) = -2*x**2 - 99*x - 461. What is m(-20)?
719
Let m(o) = -8603*o - 11364571. Give m(-1321).
-8
Let r(q) = -89*q**2 - 180*q + 2110. What is r(4)?
-34
Let r(o) = -3*o**2 - 1566*o + 12737. Give r(-530).
17
Let f(o) = 88*o**2 - 4325*o - 12982. What is f(-3)?
785
Let l(y) = -101*y**3 - 561*y**2 + 1708*y - 14. What is l(3)?
-2666
Let v(j) = -35513*j + 319603. Determine v(9).
-14
Let a(q) = -q**2 - 20920*q - 480631. Determine a(-23).
0
Let n(k) = -4*k**2 - 10*k - 318. Calculate n(-16).
-1182
Let u(m) = 4*m**2 + 779*m + 1555. Calculate u(-2).
13
Let n(m) = 6910*m - 3694. Give n(1).
3216
Let j(s) = -1451*s + 259778. Give j(179).
49
Let r(v) = -v**3 + 125*v**2 - 977*v - 4558. Calculate r(12).
-10
Let v(w) = -14*w**3 - 48*w**2 + 16*w + 68. Give v(-3).
-34
Let i(a) = -5670*a + 5186. Determine i(1).
-484
Let u(z) = 3766*z - 48964. Determine u(13).
-6
Let t(z) = -1121*z**2 + 11849*z + 11849. Determine t(-1).
-1121
Let d(b) = -b**2 + 4667*b - 1252963. Determine d(286).
3
Let o(h) = 1424*h - 38470. What is o(27)?
-22
Let z(j) = 6*j**3 - 74*j**2 - 2478*j - 252. Give z(-15).
18
Let z(n) = n**3 - 148*n**2 + 695*n + 428. Determine z(143).
-2432
Let k(j) = -433795*j - 2168979. Determine k(-5).
-4
Let k(f) = 14*f**2 + 13*f - 1350. Give k(8).
-350
Let g(o) = o**3 - 165*o**2 - 1763*o + 2083. Give g(175).
-192
Let x(m) = -33*m**2 - 1008*m + 1538. Determine x(-32).
2
Let o(s) = 7*s**3 + 395*s**2 + 1625*s + 721. Calculate o(-52).
45
Let s(y) = -11*y**2 - 81488*y + 1552246. Give s(19).
3
Let b(y) = -3765*y - 312565. What is b(-83)?
-70
Let s(u) = -1356*u**2 - 136962*u - 597. Calculate s(-101).
9
Let v(n) = 119*n**3 - 4044*n**2 - 77*n + 305. Determine v(34).
-1
Let h(p) = -p**2 + 52*p + 452. What is h(20)?
1092
Let c(i) = 2*i**3 + 34*i**2 - 37*i - 491. Determine c(-16).
613
Let i(b) = -8*b**2 + 621*b - 4396. Calculate i(7).
-441
Let w(r) = -11*r**2 - 910*r + 95. Give w(-83).
-154
Let v(o) = o**3 + 1040*o**2 + 7256*o + 5376843. Give v(-1038).
3
Let z(c) = 37*c**2 - 32*c - 25. Give z(2).
59
Let t(z) = -2*z**2 - 744*z - 40437. Determine t(-66).
-45
Let a(g) = 9*g**3 - 803*g**2 + 213*g - 1537. Calculate a(89).
1578
Let a(o) = 140*o**2 - 3212*o + 18375. Calculate a(12).
-9
Let y(o) = -o**3 - 28*o**2 - 91*o - 797. Calculate y(-26).
217
Let u(t) = 292*t + 65514. What is u(-223)?
398
Let q(g) = 4*g**2 - 1704*g + 3391. Calculate q(2).
-1
Let h(l) = -7210*l - 28805. Give h(-4).
35
Let q(i) = 5967*i + 59691. What is q(-10)?
21
Let a(o) = 4*o**2 + 1001*o + 34982. What is a(-42)?
-4
Let x(w) = 34371*w + 2577833. What is x(-75)?
8
Let x(o) = 7067*o**2 + 14221*o - 12. What is x(-2)?
-186
Let d(j) = 3*j**3 - 178*j**2 - 38*j + 5730. Give d(59).
7
Let a(m) = -m**3 + 205*m**2 + 1179*m - 241806. Calculate a(205).
-111
Let v(j) = -622198*j - 3110980. What 